*s. Calculate the greatest common factor of s and 52.
52
Let p be (3 - 0)*5 + -3. Calculate the highest common factor of p and 12.
12
Suppose 103 = 4*i - 5*v - 0*v, 0 = -5*i - 4*v + 139. Let k = i - 11. What is the highest common divisor of 80 and k?
16
Let x = 46 + -28. What is the highest common factor of 9 and x?
9
Let q(k) = 30*k + 8. Let s be q(3). Calculate the highest common factor of 14 and s.
14
Suppose 0 = -3*m + 20 + 25. What is the greatest common factor of 105 and m?
15
Let x(s) = s**2 - 12*s - 10. Let p be 48/3 - 12/4. Let n be x(p). What is the greatest common factor of 24 and n?
3
Suppose 19*l = -0*l + 2508. What is the highest common divisor of l and 36?
12
Let k = -6 - -8. Let i be (-2)/(k/(-12)*4). Calculate the greatest common divisor of 6 and i.
3
Let x(c) = -2*c. Let d be x(-1). Let u be (-2 - -53)*d/2. Suppose -7*i = -2*i - 85. What is the highest common divisor of u and i?
17
Suppose 0 = -16*u - 4*u + 160. What is the highest common divisor of 104 and u?
8
Let q(h) = h**3 + h**2 - h + 1. Let x be q(1). Suppose 0 = -3*n + x*n + 4*m + 65, 4*n - m = 185. Calculate the highest common divisor of 15 and n.
15
Let v(d) = 7*d**3 + 2*d - 1. Let u be v(1). Calculate the greatest common divisor of u and 24.
8
Suppose 4*m = -1 - 11. Let d be 3/m + 1 + 12. Let b = 23 - d. Calculate the highest common divisor of b and 55.
11
Let i(r) = -r + 9. Let o be i(9). Suppose o = -0*u + u - 4*v - 34, -u - v + 9 = 0. Let j = 25 - u. What is the greatest common factor of 121 and j?
11
Let x = 365 + -211. What is the highest common factor of 22 and x?
22
Suppose 6 = 3*b - 33. Calculate the highest common divisor of 143 and b.
13
Let r(s) = s**2 + 3*s - 10. Let i be r(-7). Calculate the highest common factor of 18 and i.
18
Let t = 54 - 30. Suppose 3*z - t = z. Calculate the greatest common divisor of 84 and z.
12
Let o be (-6)/(-9)*(-4 - -7). What is the greatest common factor of o and 4?
2
Let b be 315/(-10)*((-5)/(-3) - 3). Calculate the highest common divisor of 126 and b.
42
Let q(s) = 6*s**2 - 1. Let w be q(4). Suppose j + w = 6*j. What is the highest common divisor of j and 152?
19
Let k(j) = -j - 7. Let b be k(-10). Suppose -5*n - 419 = -3*m, 6*n - b*n - 435 = -3*m. Let v = -12 + 25. What is the highest common divisor of m and v?
13
Suppose -85 = 2*q - 3*x, 2*x - 86 = -3*q + 5*q. Let u be 6/(-33) + (-4936)/q. Calculate the highest common divisor of u and 14.
14
Suppose 0 = -2*v + 4*v. Suppose 2*t - 6 - 6 = v. What is the highest common factor of 9 and t?
3
Suppose -5*k + 17 = -4*k. Calculate the greatest common divisor of 34 and k.
17
Suppose 30 = -20*m + 19*m. Let l be (-648)/m - 6/10. What is the highest common divisor of l and 126?
21
Let a be -12*2*1/(-4). Suppose -72 = -9*w + a*w. What is the highest common factor of w and 96?
24
Let u(a) = a + 2. Let t be u(5). Calculate the greatest common divisor of t and 56.
7
Suppose 159 = 5*v + 2*r, -3*r - 16 = -2*v + 59. What is the highest common divisor of 297 and v?
33
Let r = 7 - 14. Let s(o) be the first derivative of -o**4/4 - 8*o**3/3 - 9*o**2/2 - o + 4. Let u be s(r). What is the greatest common factor of u and 26?
13
Suppose -5*u + 10 = -0. Calculate the greatest common divisor of 10 and u.
2
Suppose 13*f = 5*f + 16. Calculate the highest common divisor of 24 and f.
2
Let j = 11 - 8. What is the highest common factor of 21 and j?
3
Let j = 3 + 8. What is the greatest common factor of j and 55?
11
Suppose 6 = -u - m - m, -3*m = -4*u + 20. Suppose 0 = -u*q + 5 + 7. Let h(d) = d**2 + d - 7. Let f be h(q). Calculate the highest common factor of 14 and f.
7
Let a be -5 + 4 - 128/(-2). Calculate the highest common divisor of 7 and a.
7
Let k = -27 - -40. Calculate the greatest common factor of 143 and k.
13
Let x(k) = -k**3 - 5*k**2 + 4*k - 10. Let q be x(-6). Let s be ((-6)/8)/(2/(-8)). Suppose -6 = -s*a + 12. What is the highest common factor of a and q?
2
Let w = -39 + 45. What is the highest common factor of 18 and w?
6
Let s be (-2 + 2)/(0 + 2). Let v = -4 + s. Let w be 30/4 + (-2)/v. What is the highest common divisor of 16 and w?
8
Let p = -37 + 120. Suppose p = 5*g + 2*u + 13, -2*u = -4*g + 56. What is the highest common factor of g and 112?
14
Suppose 0 = -5*q + 6*q - 1. Let z be q*(8 - 3/1). Calculate the highest common factor of 2 and z.
1
Let d be (2 + -1)*(1 + -1 - -20). Calculate the greatest common factor of d and 30.
10
Let n(w) = 2*w**3 + 4*w**2 - 7*w + 3. Let g be n(3). What is the greatest common divisor of 9 and g?
9
Let r(g) = -g - 5. Let v be r(-7). Suppose -v*t - 2*t + 252 = 0. Calculate the highest common divisor of 7 and t.
7
Let i be ((-6)/15)/((-1)/15). Suppose -2*y = -y - i. Calculate the highest common factor of y and 18.
6
Let v be 67 + 2 + (-3 - 3). Calculate the greatest common divisor of v and 21.
21
Let y = -5 + 7. Let b be (-1)/y - 2/4. Let d be -2 - (-2 + (b - 161)). What is the greatest common divisor of d and 18?
18
Suppose 0 = -2*b - 5*c + 8, 8*b = 4*b + 5*c + 16. Calculate the greatest common divisor of b and 2.
2
Let m = 31 - 7. Let t = -3 - -1. Let w be (t - 4)*12/(-9). What is the greatest common factor of w and m?
8
Suppose -3*s + 45 - 249 = m, -4*s - 272 = 3*m. Let d = 9 - s. What is the greatest common divisor of d and 11?
11
Let b be (-51)/(-12) + (-2 - (-21)/12). What is the highest common divisor of b and 10?
2
Let q(x) = -x**3 + 11*x**2 + x - 11. Let h be q(9). Calculate the highest common divisor of h and 16.
16
Let c(h) = h + 1. Let f be c(3). Suppose 4 - 52 = -4*a. Calculate the greatest common factor of a and f.
4
Let q(o) = o + 13. Let v be q(-6). Let c be (-2)/8 + (-759)/(-12). Suppose 3*k - 6*k = -c. What is the highest common divisor of v and k?
7
Let b = 89 + -83. What is the greatest common factor of 54 and b?
6
Let s be (45/(-6) + 2)*-6. What is the greatest common divisor of s and 110?
11
Suppose -25 = -5*q, 2 + 6 = -2*m - 2*q. Let w = -3 - m. What is the greatest common divisor of w and 24?
6
Let k(z) = 15*z**2 + z - 1. Let v(o) = o - 3. Let m = -8 - -12. Let g be v(m). Let x be k(g). Calculate the highest common factor of 105 and x.
15
Let q be (-46)/6 - 6/(-9). Let u(t) = -2*t + 1. Let n be u(q). Calculate the greatest common divisor of n and 15.
15
Let m(l) = -5*l - 33. Let s be m(-15). What is the greatest common divisor of 28 and s?
14
Suppose 4*s - 253 = 4631. Suppose 4*r + 297 - s = 0. Calculate the highest common divisor of r and 21.
21
Suppose -2*l - 2*l + 24 = 0. Let x = 360 + -357. What is the highest common divisor of l and x?
3
Let z be (-4)/2 - (-37 - 65). Let b = 6 - -14. Calculate the greatest common divisor of z and b.
20
Let q be 3/2*(-16)/(-6). Suppose -2*m + 4*m = q. Let d be 0 + 0 - (2 - 10). Calculate the highest common factor of m and d.
2
Suppose 7*l - 9*l = -256. What is the greatest common divisor of l and 16?
16
Let k(j) = -2*j**2 + 2*j + 6. Let w(i) = -3*i**2 + 2*i + 5. Let v(l) = 4*k(l) - 3*w(l). Let q be v(-7). Calculate the highest common factor of 4 and q.
4
Suppose 4*b - 2*b = 14. Calculate the highest common factor of b and 21.
7
Let b(d) = -d - 4*d**2 + 1 + 0*d + 5*d**2. Let y be b(3). What is the highest common factor of y and 7?
7
Let j be 6/(-9)*-18*2. Calculate the greatest common factor of 72 and j.
24
Let v(y) = -2*y + 23. Let d be v(5). What is the greatest common divisor of d and 117?
13
Let i = -31 - -111. Calculate the highest common divisor of 20 and i.
20
Let m be (5/2)/(4/(-24)). Let k be (-276)/m + 2/(-5). What is the greatest common divisor of k and 126?
18
Let k(q) = q**3 - 12*q**2 + 41*q - 2. Let n be k(6). Let t be 1 - (-18)/(2/1). Let c = t - 3. What is the highest common factor of c and n?
7
Suppose -3*s = -t - 2*t - 528, s - 160 = 5*t. What is the greatest common factor of 20 and s?
20
Suppose 4*i - 2*i = 10. Suppose -3*u + 3 = -i*a - 68, 145 = 5*u - 3*a. Calculate the highest common factor of 4 and u.
4
Let y(p) = -p**3 - 3*p**2 - 7*p - 6. Let n be y(-4). Suppose 0 = v + 4*v - 95. Calculate the greatest common divisor of v and n.
19
Suppose 4*w = 41 + 15. Let h(g) = 7*g. Let y be h(3). Calculate the greatest common divisor of w and y.
7
Let t be (-5)/15*(67 - -2). Let w = 32 + t. Let r = -5 + w. What is the highest common divisor of r and 4?
4
Let l(p) be the second de